 prime factors of b.
2
What are the prime factors of 57 - 2 - (1 - 0)?
2, 3
Suppose 4*z = 142 + 50. List the prime factors of z.
2, 3
Let b = -10 + -10. What are the prime factors of (152/(-10))/(8/b)?
2, 19
Suppose -5*w = 3*x + 114, -3*w + x = w + 81. Suppose -r = -4*r - 6. List the prime factors of (14/w)/(r/45).
3, 5
Suppose 6*a - 8 = 8*a. What are the prime factors of 33/((-14)/a + -2)?
2, 11
Let s be 1*(-60 + -1) - -2. Let n = -24 - s. List the prime factors of n.
5, 7
Let p(k) = -2*k - 11. Let v be p(-8). Suppose 12 = -5*q + q, -v*o + 48 = -q. List the prime factors of o.
3
Let a = -293 + 553. What are the prime factors of a?
2, 5, 13
Suppose 2*o + 0 = -2. Let g(x) = 4*x - 2. Let b(r) = 1. Let z(q) = o*g(q) - b(q). What are the prime factors of z(-4)?
17
Let c(n) = n**2 + 6*n - 5. Let f be c(-7). Suppose -w + 20 - 8 = 0. Suppose 8 = 3*h + x, -f*h + x + 0*x = -w. List the prime factors of h.
2
Let d = -5 + 7. Suppose 0 = -d*a + 6, -5*a = 2*s - 10*a + 11. Suppose -2*i = -2*q - 4*i + 8, -4*i - 38 = -s*q. What are the prime factors of q?
3
Suppose -2*f = 24 - 236. What are the prime factors of f?
2, 53
Suppose 0 = -2*z - 10 + 70. List the prime factors of z.
2, 3, 5
Let x = -66 - -28. Let s = x - -86. Let g = -33 + s. List the prime factors of g.
3, 5
Suppose 0 = -b - b + 96. Suppose -3*u = -0*u - b. List the prime factors of u.
2
Let k(l) = 11 + l**2 - 2*l**2 - 7. Let q be k(0). Suppose -53 = -q*u + 11. What are the prime factors of u?
2
Let i(x) = 6 + x**2 + x**2 + 2*x**2 - 5*x**2 - 9*x. What are the prime factors of i(-8)?
2, 7
Let f be 41/((-3)/(-36)*1). What are the prime factors of 4/(-18) - f/(-27)?
2, 3
Let j(i) = 2*i. Let g be 86/18 + 2/9. Let c be (4/g)/(4/10). List the prime factors of j(c).
2
List the prime factors of (-2)/5 - 194/(-10).
19
Let z be (-6)/(-4) + 4/8. What are the prime factors of (-34)/(-3) - z/(-3)?
2, 3
Suppose -15*h + 12*h = -144. What are the prime factors of h?
2, 3
Let x(h) = 4*h**2 + 4*h - 4. What are the prime factors of x(3)?
2, 11
Let i = -120 + 190. List the prime factors of i.
2, 5, 7
Let v(u) = -u**3 - 5*u**2 - 2*u - 7. Let j be v(-5). Suppose -6*p = -p. List the prime factors of j + 10 + p + 2.
3, 5
Let a = -14 + 27. What are the prime factors of a?
13
Let s = 513 + -299. What are the prime factors of s?
2, 107
Let k = 190 + 37. Suppose 4*y - k = 17. What are the prime factors of y?
61
Let a = 1 + 1. Suppose 0 = -3*d - 4*u + 24 + 30, -d + 18 = -a*u. Suppose -6*x + x = 0, x + d = 2*k. What are the prime factors of k?
3
Let y = 5 - 7. Let r = 5 + y. Suppose r = p - 4. What are the prime factors of p?
7
Suppose 4*x - 71 + 7 = 4*o, 5*x + 5*o - 70 = 0. List the prime factors of x.
3, 5
Let o(r) = r - 2. Let p be o(6). Suppose -p*u - 9 = -5*u + 5*g, 15 = 5*u + 5*g. Suppose -u*s = 5 - 41. What are the prime factors of s?
3
Let u = -7 + 13. Let z be (2/(-3))/((-4)/u). What are the prime factors of 0/5 - (z + -3)?
2
Suppose -6 = -5*s + j - 3*j, -5*s = -2*j - 14. Suppose 0 = -5*b + 2*b + 9. Let u = b + s. List the prime factors of u.
5
Let g(y) = y**3 - 2*y**2 - y - 2. Let i be g(3). Let u = 16 - i. Suppose 4*r - 38 = -2*z - u, -3*z - 49 = -5*r. What are the prime factors of r?
2
Let s = -8 - -6. List the prime factors of (14/s)/(1/(-3)).
3, 7
Suppose 4*t = -t + 40. Let u(d) be the second derivative of d**4/12 - d**3 - 2*d**2 - 8*d. List the prime factors of u(t).
2, 3
Suppose 4*u = u + 6. Suppose -4*o + 35 = -5*y, 2*o - u*y - 9 - 7 = 0. List the prime factors of o.
5
Suppose -f = -34 - 1. What are the prime factors of f?
5, 7
Let p = -66 - -38. List the prime factors of (36/(-14))/(4/p).
2, 3
Let r(a) = a - 3. Let l be r(2). Let d = 2 - l. Let j = d - -2. List the prime factors of j.
5
Let q = 4 + -4. Let l(i) = -i**3 + 7. What are the prime factors of l(q)?
7
Suppose 3*q + 5 = -5*u - 13, q + 4*u + 6 = 0. Let s(o) = -o**2 - 6*o. Let l be s(q). Suppose -z + l*z = -4. List the prime factors of z.
2
List the prime factors of (1280/100)/((-1)/(-5) - 0).
2
Let y(a) = 3 - a + 4 - 4 + 5. Let r be 1 - (1 - (3 + 2)). What are the prime factors of y(r)?
3
Suppose -45 - 158 = -7*z. List the prime factors of z.
29
Let u = -6 + 13. What are the prime factors of u?
7
Let u(x) = x**3 + 3*x**2 + 3. Let m be u(-3). List the prime factors of 1/(((-9)/(-33))/m).
11
What are the prime factors of 45 + 0 - (-6 + 7)?
2, 11
Let v(h) = 13*h - 5. Let a(c) = 25*c - 9. Let l(m) = 3*a(m) - 5*v(m). List the prime factors of l(3).
2, 7
Suppose -2*d = 4*b - 50, -b - 2*b - 5*d = -41. Suppose 0 = 4*p - b + 4. List the prime factors of p/(-1 - -3) + 1.
2
Let b be 2 + 0 - 6/(-2). Suppose 5*o - 27 = v - b*v, v - 4*o - 33 = 0. What are the prime factors of v?
13
Let p = -11 - -16. Suppose -u - 3*v + 3 = 2*u, -4*u + 13 = -p*v. Suppose -4*r = -0*r - 3*l - 37, 2*r - u*l - 18 = 0. What are the prime factors of r?
2, 5
Let k = -45 - -87. Suppose -2*c + k = c. What are the prime factors of c?
2, 7
Suppose q - 10 - 7 = 0. What are the prime factors of q?
17
List the prime factors of (6 + -4)/(1/113).
2, 113
Let f(c) = -6*c - 2. Let s be f(-6). Let g = s - 20. List the prime factors of g.
2, 7
Let u = 6 + -11. Let c be (-4 - u) + (-1 - -5). Suppose 3*p - 65 = 5*y - 13, c*p + 4*y - 25 = 0. What are the prime factors of p?
3
Let l(j) be the first derivative of j**4/4 + 4*j**3 + 5*j**2 + 5*j - 4. List the prime factors of l(-11).
2
List the prime factors of 54 - 0/((-8)/2).
2, 3
Let x(g) = -2*g + 1. Let l be x(-2). Suppose 0 = 5*u + 5*o - 205, 0*u - 2*u - l*o = -76. List the prime factors of u.
43
Let m = -24 - -10. What are the prime factors of -22*(-7)/(m/(-3))?
3, 11
Let w(r) = r**3 + 3*r**2 + 9*r - 11. List the prime factors of w(5).
2, 3, 13
Let s be (-7)/(7/(-6)) - 3. List the prime factors of s - (-6)/(-4)*-4.
3
Let q(l) = l**3 + 8*l**2 + l + 9. Let o be q(-8). Let d(a) = -2 - a - o + a**2 - 3*a. List the prime factors of d(5).
2
Let a be (-7)/(-4) - 1/(-4). Suppose 3*y + 2*r - 5 = 0, a*y - 4*r - r = -3. Let s = 8 - y. What are the prime factors of s?
7
Suppose -2*g + g + 90 = 0. List the prime factors of g.
2, 3, 5
Let k(h) be the first derivative of -7*h**4/2 - h**2/2 - h - 4. What are the prime factors of k(-1)?
2, 7
Suppose 2*l = -6 + 42. List the prime factors of l.
2, 3
Suppose 4 - 1 = -x, -2*d + 3*x + 89 = 0. Suppose -4*l + 3*l + d = 0. List the prime factors of l.
2, 5
Suppose -2*z + 20 = 3*z. Suppose 26 = 3*a + 2*u + 5, -2*a - z*u = -6. What are the prime factors of a?
3
Let q(l) = l**2 - 5*l - 2. Let h be (5 + 1)/1 + 1. List the prime factors of q(h).
2, 3
Let h(q) be the first derivative of q**2 - 3*q - 2. Let k be h(3). Suppose 7*w - 28 = k*w. What are the prime factors of w?
7
Let s = -75 + 244. List the prime factors of s.
13
Suppose -5*a + 8 = -a. Let s be 16 - -2*a/(-2). Suppose -c + s = c. List the prime factors of c.
7
Let w(n) be the first derivative of n**2/2 + 8*n - 2. Let l be 12/9*9/(-2). What are the prime factors of w(l)?
2
Suppose -f = 2*i - 57, 0*i + 2*i = -3*f + 51. Suppose -210 = -5*o - i. Let q = o + -19. What are the prime factors of q?
17
Suppose -35 = -5*l - z, -4*z = -5*l + 4 + 6. Suppose -3*u + 4 - 18 = -5*d, -4*d + 5*u = -l. What are the prime factors of d?
2
Let m(s) = s**3 - 4*s**2 + 5*s - 6. Let h be m(4). Suppose 9*v + 245 = h*v. List the prime factors of v.
7
Let s = -16 + 20. List the prime factors of s.
2
Let g be (16/20)/(4/10). Suppose 4*r = -4*x + 140, 4*x + 3*r - 140 = -g*r. What are the prime factors of x?
5, 7
Suppose 639 = -k + 4*k - 3*j, 5*k + 3*j - 1057 = 0. What are the prime factors of k?
2, 53
Let w be (-11)/22 - (-10)/4. Suppose 30 = w*i - 58. What are the prime factors of i?
2, 11
Suppose 11 = -4*t - 0*l + l, 9 = 3*t + 5*l. Let d = 8 + t. List the prime factors of d.
2, 3
Suppose -3*w - 20 = 4*k, 6*w - 2*w + 22 = -3*k. Suppose 0*l = 3*l + 12. Let f = k - l. List the prime factors of f.
2
Let t be (-15)/(-20)*(-1 - -5). Suppose t*l = -2*q + 4, -3*q + q + 4*l + 18 = 0. What are the prime factors of q?
5
Let b = 59 + -3. Let r = b - 37. Suppose 0 = 5*f - 10, r = 5*h + 3*f - f. List the prime factors of h.
3
Let m be (-3 - 6/3) + -2. Let g = m + 19. What are the prime factors of g?
2, 3
Suppose -4*k = -37 + 5. List the prime factors of k.
2
What are the prime factors of 965/25 + 4/10 - -3?
2, 